 5254 and l?
74
Let a be (100/(-8))/(-5)*2. Suppose -4*v = 4*c - 228, -a*c - 135 = 2*v - 4*v. Suppose -6*u + 175 + 5 = 0. What is the highest common factor of v and u?
30
Let l be 9 + 27 + 3 + (2/1 - 0). Let m(n) = n**3 + 17*n**2 + 7*n - 21. Let a be m(-16). What is the highest common divisor of a and l?
41
Let g(c) = 673*c**2 - 205*c - 613. Let m be g(-3). Calculate the greatest common divisor of m and 83.
83
Suppose -3*s + 1491 = 5*k, -66*k - 291 = -67*k - 3*s. Calculate the greatest common factor of 1300 and k.
100
Let q = -508 + 1180. Suppose q = 32*k - 20*k. What is the greatest common factor of k and 21?
7
Let g = -3194 - -3209. What is the highest common divisor of g and 1245?
15
Let x be ((-36)/84)/((-10)/6090). What is the highest common divisor of 7424 and x?
29
Suppose -d + 34*t - 37*t + 38 = 0, 5*t = d + 18. Calculate the highest common factor of 11441 and d.
17
Let r(t) = 10*t**2 + 10*t + 2. Let q be r(-7). Let l = -307 + q. What is the greatest common divisor of l and 92?
23
Suppose 2*q - 44*q + 551 = -13*q. Suppose 2*c - 450 = 158. What is the highest common factor of q and c?
19
Suppose -2*x - 900 = -5*g, 7*g - 2*g + 5*x - 900 = 0. Suppose -g = 4*z - 1048. Let c = 98 + -67. Calculate the greatest common factor of z and c.
31
Suppose -2*a = a + 24. Let o be 2/((-4)/10)*a/(-8). Let c be 104/(-20)*o + -2. Calculate the highest common factor of 3 and c.
3
Let j = 6676 - 6641. What is the greatest common factor of 385 and j?
35
Let v = 78 - 65. Suppose v*i - 6600 = -2*i. Calculate the highest common factor of i and 55.
55
Suppose -3*v = 22 + 2. Let j = v - -41. Suppose s - 247 = j. Calculate the greatest common factor of 35 and s.
35
Let z = 4527 - -3569. Calculate the highest common divisor of z and 11.
11
Suppose 0 = 4*t - 103*q + 107*q - 72, 2*q = -12. What is the highest common factor of 2136 and t?
24
Let x be (-243660)/(228/(-19)) - (-2 + -3). What is the greatest common factor of x and 15?
15
Let z be 180*4/((-20)/(-5)). Suppose 8*d - 13*d = 5*g - 230, -2*g = 4*d - z. Let x be 6/(-21) - 1234/(-7). Calculate the greatest common factor of d and x.
44
Suppose -w + 185 = -2*w. Let c = w - -191. Calculate the highest common factor of 4 and c.
2
Suppose -8*t - 4*p + 11188 = 0, -11*p = 4*t - 6*p - 5579. Calculate the greatest common divisor of 6 and t.
3
Let x be (-1898)/(-156) - 2/12. Suppose 26*d - 6992 = -x*d. What is the highest common factor of 46 and d?
46
Let o be 7/(-6) + 1 - (-713)/138. Suppose -13*c + 18*c - l - 350 = 0, 3*l = -o*c + 350. What is the greatest common factor of 30 and c?
10
Let r = -10056 - -10125. Calculate the highest common factor of r and 3427.
23
Suppose o = 1, o + 36 + 23 = 4*c. Let m be (0/1)/(c - 17). Let x(t) = -4*t + 30. Let d be x(m). Calculate the highest common factor of 15 and d.
15
Let o be (-68)/(-6) + (-4)/(-6). Let z be (-32)/40*10725/(-156) + 1*-7*1. What is the greatest common factor of o and z?
12
Let s(p) = -p**3 + 49*p + 152. Let w be s(-3). Calculate the highest common divisor of 224 and w.
32
Suppose 3*f - 5*z = -6, -f - 3*z = 1 + 15. Let h be f/(-4) - 2/(-8). What is the highest common factor of 4 and h?
2
Let r(g) = 743*g + 2327. Let d be r(-3). Let q be (-164)/6 - 2/3. Let y = q + d. What is the highest common factor of y and 20?
10
Suppose 0 = -17*d + 259 + 1203. What is the greatest common factor of d and 3698?
86
Let b(j) = -5*j**3 - 18*j**2 - 14*j. Let l be b(-3). Let d be 4/(-18) + (-227)/(-9). Calculate the highest common factor of d and l.
5
Let y(v) = -v**3 - 23*v**2 - 29*v - 54. Let n be y(-22). What is the highest common divisor of 2575 and n?
25
Let s = -3 - -26. Suppose -135*x + 132*x = -138. Calculate the highest common factor of s and x.
23
Let u be (-30)/24 + (-5 - (-702)/24). Suppose -u*t = 2*t - 35250. What is the highest common factor of 15 and t?
15
Suppose 65*o + 1396 = 6976 + 725. What is the highest common factor of 15229 and o?
97
Let w be 6/(-8) + (-8607)/76. Suppose 6*h - 10 = h. Let p be (-202)/(-24)*h - 19/w. What is the highest common divisor of p and 51?
17
Let b = -1420 + 3311. Calculate the greatest common divisor of b and 61.
61
Let i be (-7 - (-66)/30)/(8/(-5300)). What is the greatest common factor of 40 and i?
20
Let h = -874 - -2145. Calculate the highest common factor of h and 31.
31
Suppose q - 977 = 3*f, -3*q - 134 = -2*f - 3086. What is the highest common divisor of q and 68?
34
Suppose -5*b + 3*y - y + 19 = 0, 0 = -2*b - 3*y + 19. Suppose b*q + 8 = 53. Calculate the greatest common divisor of 3 and q.
3
Let v(u) = 2*u**3 + 12*u**2 - 2*u - 12. Let n be v(-6). Suppose z - 2*c - 104 = n, -464 = -8*z + 3*z - 4*c. Calculate the highest common divisor of z and 6.
6
Let k be (1222/3)/(1287/(-81) - -16). Calculate the greatest common divisor of k and 423.
141
Let m = 1160 + -1145. Let h(r) = r + 1. Let p be h(-4). Let s be (-2 - -3)/(p/(-9)). What is the highest common divisor of s and m?
3
Let k be 1/(-1) - (-133)/7. Suppose -k*p + 1032 = -6*p. What is the highest common factor of 86 and p?
86
Let d(a) be the first derivative of 17/2*a**2 - 4 + 4*a. Let n be d(3). What is the highest common divisor of n and 11?
11
Suppose 95*m = -8181 + 26421. Calculate the highest common divisor of m and 228.
12
Let i(c) = 5*c + 8. Let a be i(-10). Let g be (-142)/(-7) + ((-114)/a - 3). Calculate the highest common factor of g and 170.
10
Let j(l) = l**3 + 35*l**2 - 110*l + 172. Let d be j(-38). Calculate the greatest common divisor of 54 and d.
2
Let r = 3588 + -3557. Calculate the greatest common divisor of 2511 and r.
31
Let a = -19396 + 20334. What is the highest common divisor of 4288 and a?
134
Suppose 0 = -4*w - 4. Suppose 3*h - 153 = 3*y, -131 = -5*h + 4*y + 123. Let c be h - w*(-1 - 1). Calculate the greatest common factor of 16 and c.
16
Let r = -35 + 35. Suppose r = -3*a - 2*n + 287, 5*a - 305 = 2*n + 200. Let t = a + -51. What is the greatest common factor of t and 16?
16
Suppose 1328 = 13*w + 158. Suppose 20*u = 19*u + 5*g + 30, 4*u + 3*g - 212 = 0. What is the highest common divisor of w and u?
10
Suppose 0 = 2*j + 5*r - 32, -759*j - 2*r - 25 = -760*j. Suppose -1103 - 581 = -5*o - a, a = 4*o - 1340. What is the greatest common factor of j and o?
21
Let u(c) = -2*c + 1. Let w be u(-6). Suppose -53 = 5*t - 7*t + r, -3*t = -4*r - 87. Let s = t - w. Calculate the greatest common factor of s and 8.
4
Let q = -1312 - -1348. What is the greatest common divisor of q and 414?
18
Suppose 279 = -9*x + 513. What is the greatest common divisor of x and 1300?
26
Suppose -14844 - 22330 = -31*w + 18068. Calculate the highest common divisor of w and 44.
22
Suppose -3*z + 26 = 4*m + 69, -3*m + 3*z = 27. Let x be (5/m + 6)*8. What is the greatest common divisor of x and 352?
44
Suppose -389 = -7*d + 479. Calculate the greatest common factor of 620 and d.
124
Let b be (190/(-57))/(1/18). Let i be ((-7)/(-3))/((-124)/b + -2). Let t be (-2)/(-10) + 138/10. What is the highest common divisor of i and t?
7
Suppose -5 = -4*n + i - 26, -5*i - 15 = 4*n. Let a be 114/n*10/(-3). Suppose -161 = -4*r - 9. Calculate the greatest common divisor of r and a.
38
Suppose 24*b = 1449 + 1239. Suppose -2*c = -4*r - 12, -4*c + r = -1 - 9. Let p be ((-78)/(-91))/(c/b). Calculate the highest common divisor of 8 and p.
8
Let p = 72 - 88. Let b be (24/p - -2)/((-1)/(-16)). Suppose -4*m - 132 = -3*c, 0 = -b*m + 4*m - 12. What is the greatest common divisor of c and 4?
4
Suppose -8 = -4*d + 12, 3*d + 2589 = n. Let r = n + -1486. What is the greatest common factor of r and 26?
26
Suppose 2*q = 47 - 47. Suppose q = 11*w - 74 - 58. Calculate the greatest common divisor of 84 and w.
12
Let g(z) = -6*z - 2. Let u be g(-7). Let k = 288 - 418. Let b = k - -135. Calculate the greatest common factor of u and b.
5
Suppose -518*p + 737412 = -192*p. Calculate the greatest common factor of p and 2958.
174
Let p = 8701 - -549. Calculate the highest common factor of 74 and p.
74
Let p be -121*(5 + 434/(-77)). Calculate the greatest common factor of p and 20713.
77
Let q = 5 - 2. Let t(j) = 2539*j + 23076. Let c be t(-9). Calculate the highest common factor of c and q.
3
Let o(l) = l**2 - 4*l - 34. Let u be o(-18). Let t = u + -269. Calculate the highest common divisor of 3 and t.
3
Let g(i) = -i**3 + 24*i